3*r. List the prime factors of 13 - -3 - (-2 - l).
13
Suppose 5*r = -5*k + 20, -r + 3*k = 4*r - 4. Let h(a) = 2*a + 3 - 3*a - 3*a - a**r. List the prime factors of h(-4).
3
Let i(h) = h**3 - 7*h**2 - 6*h - 1. Suppose -4*y + 16 = -0*y. Suppose -2*p + y = -12. List the prime factors of i(p).
3, 5
Suppose 4*u - 3*o = -2*o - 12, 4*u + 20 = -o. Let q be (-6)/u - (-6)/(-4). What are the prime factors of q/(-2) + 5 + 1?
2, 3
Suppose 12 = -2*h + n + 4*n, 4*h - 2*n - 8 = 0. Suppose 0 = -2*m + h*m - 8. Let l = 15 - m. List the prime factors of l.
11
Suppose 2*m - 5*m + 150 = 0. Suppose -30 - m = -4*u. List the prime factors of u.
2, 5
Suppose -4*c - o + 26 = 0, -c - 4*o + 20 = c. Suppose 0 = -3*m + b - 8, -2*m = 2*b + 3*b - c. List the prime factors of (3/m)/((-2)/4).
3
Let q(a) be the third derivative of a**5/60 + a**4/12 + 5*a**3/6 - 3*a**2. Let l be q(-5). Suppose w = -w + l. List the prime factors of w.
2, 5
List the prime factors of 2/(-3) + (-5746)/(-51).
2, 7
Let p(b) = -b**2 - 5*b - 4. Let r be p(-3). Suppose r*g = 5*g - 9. Suppose -4*i + 6 + 35 = -g*n, 4*i = 2*n + 42. What are the prime factors of i?
11
Let v(j) = -j**2 + 7*j - 1. Suppose 2*t - i + 13 = -6*i, -t + 4*i = -26. Let s be v(t). Suppose -50 = -0*a - s*a. List the prime factors of a.
2, 5
Let o = 2 + 0. Let n = 4 + o. Suppose 3*z - 4 = -2*h, 0 = -4*z + n*h - 2*h + 32. What are the prime factors of z?
2
Suppose -y - y + 160 = 0. List the prime factors of y.
2, 5
Let r be (-2)/6*1*-3. Let c be 1 - (r + -3 - -3). Suppose c = -5*s - 4 + 49. List the prime factors of s.
3
Let j = 12 + -9. Let l(y) = 1 + y + 0*y + 0*y + j*y. What are the prime factors of l(3)?
13
Let n(t) = -t**3 - 6*t**2 - 7*t - 4. Let r be n(-5). Let v be ((-6)/(-9))/((-4)/r). What are the prime factors of (-4 - -1)*3/v?
3
Let y(l) = -l**2 - 5*l + 4. Suppose -4*i = 2*a + 6, -3*a - 3*i = 2*i + 10. Let x be y(a). Suppose x*c = 0, -n + 20 - 8 = -2*c. What are the prime factors of n?
2, 3
Let f = -38 + 73. List the prime factors of f.
5, 7
Let l = 270 - 182. List the prime factors of l.
2, 11
Suppose -a - 13 = -3*l - 38, -39 = -3*a - 3*l. List the prime factors of a/12*3 - 1.
3
Let r(c) = -c**3 - 13*c**2 - 6*c - 22. What are the prime factors of r(-13)?
2, 7
Let o = -129 + 148. List the prime factors of o.
19
Let h(k) = k + 3. Let g be (4/(-1) - -1) + 2. What are the prime factors of h(g)?
2
Suppose -62 = -3*z + 4*d, -z - 2*d = 3*d - 46. What are the prime factors of z?
2, 13
Let c = 17 + 49. List the prime factors of (c/(-9))/(2/(-3)).
11
Suppose -2*d = 4*y - 166, 3*d + 2*d = y - 14. What are the prime factors of y?
3, 13
Suppose -4*z - 3*q + 5*q + 508 = 0, 0 = -2*z - 2*q + 260. List the prime factors of z.
2
Suppose 55 + 135 = 5*g. What are the prime factors of g?
2, 19
Let o(i) = -6*i**3 - 2*i**2 - 2*i. List the prime factors of o(-1).
2, 3
Let v(q) = -q**2 - 8*q + 3. Let l(d) = -27*d + 1. Let x be l(-1). Suppose -5*b + b - x = 0. What are the prime factors of v(b)?
2, 5
Let p = 22 + -4. Let k = p - 13. Suppose 0 = y - l - 12, -68 = -k*y + 3*l - 14. List the prime factors of y.
3
Suppose 0 = -3*q + 13 - 1. Suppose q*k = 2*s - 62, 7*k - 2*s + 78 = 2*k. Let u = 29 + k. List the prime factors of u.
13
Suppose 1148 = 3*d + 170. Suppose -2*p = -4*p + 6, 3*p = 5*w - d. Suppose -5*v + t = -w + 7, -36 = -3*v - t. List the prime factors of v.
2, 3
Let c(d) = -24*d - 2. What are the prime factors of c(-1)?
2, 11
Let u(c) = 8*c**2 + 6*c - 2. What are the prime factors of u(4)?
2, 3, 5
Let p(m) = 145*m**3 + 3*m**2. List the prime factors of p(1).
2, 37
Let z be ((-4)/6)/((-4)/36). Let g = z + -14. Let s(t) = -3*t - 12. List the prime factors of s(g).
2, 3
Let k be -3*(1 - (10 + -3)). Suppose -16 = 3*m - 2*s + k, 3*s = -2*m - 27. Let v = m - -21. What are the prime factors of v?
3
Let n(z) be the third derivative of -1/60*z**5 + 2*z**2 + 7/6*z**3 + 0*z**4 + 0 + 0*z. What are the prime factors of n(0)?
7
Let w(u) = u**3 - 3*u**2 - 5*u + 6. Let p be w(4). List the prime factors of (6 - -19) + -1*p.
23
Let k(l) = -11*l - 10. Let v(d) be the first derivative of 3*d**2 + 5*d + 1. Let a(z) = 4*k(z) + 7*v(z). What are the prime factors of a(-6)?
7
Let s be -3 + 128/(4/(-1)). Let m = 66 + s. List the prime factors of m.
31
Suppose -60 = -3*x - 3*k, 3*x = 2*x + 4*k. List the prime factors of x.
2
Suppose -4*l - j = 2268, -5*l + j - 1117 = 1727. What are the prime factors of (-6)/(-33) - l/22?
2, 13
Suppose 4*m - 32 = -0*s - 4*s, -4*s - 5*m = -31. Suppose s*q - 23 = u + 4*q, 5*q - 31 = -3*u. What are the prime factors of u?
2
Let o = 7 - 2. Let c = o + 0. List the prime factors of c.
5
Suppose -a = -4*a - 6, 3*a + 3 = q. Let f be 3 - (q + 4) - -10. List the prime factors of (f/(-10))/((-2)/5).
3
Suppose 3*b - 48 = -b. Suppose 3*j + 2*f + 3 = 3*f, 4*f - b = -5*j. Suppose -5*m - 4*g + 46 = j, 0 = m - 6*g + 2*g + 10. What are the prime factors of m?
2, 3
Suppose 2*d + 2*d + 44 = 0. Let o be d/3 + 4/6. Let z = 9 - o. What are the prime factors of z?
2, 3
Suppose -3*l = -6*l + 33. List the prime factors of l.
11
Suppose -o = 4*o + 3*p - 1, -5*o + 4*p = -22. Let z = -2 - -2. Let w = z + o. List the prime factors of w.
2
Let b(g) = g + 5. Let p be b(0). List the prime factors of 156/4 + (p - 2).
2, 3, 7
Let f(q) = -4*q + 0 + 5*q - 5. What are the prime factors of f(10)?
5
Let h = -2 + 5. Let z be 1 + -2 - -1*h. Suppose -y + 9 = z*y. List the prime factors of y.
3
Let c = 305 - 216. What are the prime factors of c?
89
Let h = 10 + -7. Suppose h*p + 4 - 40 = 0. List the prime factors of p.
2, 3
Suppose 2*r - 2*i - 15 = 101, 4 = -2*i. Suppose 3*m + d - 18 - 4 = 0, 4*m = 4*d + r. List the prime factors of m.
3
Suppose 0 = -2*p - p + 9. Let h be p/(-2)*(1 - 3). Suppose -h*c - 6 = 0, -j - 4*c + 2*c = 2. List the prime factors of j.
2
Let g = 13 + -10. Let x = 23 - g. What are the prime factors of x?
2, 5
Let k(a) = a**3 + a**2 - 3*a + 2. Let t be k(-3). Let c = -8 + 18. Let f = c + t. List the prime factors of f.
3
Suppose -23 - 52 = -5*n. Let p = -7 + n. What are the prime factors of p?
2
Let o(w) = -17*w - 3. What are the prime factors of o(-4)?
5, 13
Let i(q) = -4*q - 3. Let p be i(-2). Suppose -4*y + 125 = p*l + y, 4*y - 75 = -3*l. List the prime factors of l.
5
Let g(v) = -v**3 + 28*v**2 + 33*v + 24. List the prime factors of g(29).
2, 5, 7
Let s(n) = -7*n**2 + 1. Let x be s(1). What are the prime factors of 7*3*(-2)/x?
7
Let u(z) = z**3 + 8*z**2 - z - 3. Let d be u(-8). Suppose -2*o = d*m - 5 - 215, -2*m - 5*o = -109. What are the prime factors of m?
2, 3, 7
Suppose 0 = -3*o + o. Suppose 0 = 4*u + 2*z - 42, 3*z - 10 + 46 = 3*u. Suppose m - 2*m + u = o. List the prime factors of m.
11
Suppose -4*y - y - 585 = 0. What are the prime factors of ((-2)/(-6))/((-3)/y)?
13
Let x = 23 + -5. List the prime factors of x.
2, 3
Let k(r) = -11*r - 2. What are the prime factors of k(-4)?
2, 3, 7
Let h = -17 - -30. Let n = h - 5. List the prime factors of n.
2
Let b = 6 - 4. Suppose 40 = b*h + 3*h. Suppose -i + h = 3*l - 3, -2*l = 2*i - 6. What are the prime factors of l?
2
Let i be (0 + 2)/(5 + -3). Let p be 3 - -3*4/(-6). What are the prime factors of i + p + -3 - -4?
3
Let v(d) be the second derivative of -d**5/20 + d**4/2 - 2*d**3/3 + 3*d**2/2 + 2*d. List the prime factors of v(5).
2
Let n(s) = s - 8. Let g be n(8). Suppose 0 = -3*a + 2*p + 37 + 7, g = -5*a + p + 71. List the prime factors of a.
2, 7
Let u(a) = 4*a**3 - 2*a**2 + 5*a - 4. List the prime factors of u(2).
2, 3, 5
Let u(n) = 2*n**2 + 5*n - 1. List the prime factors of u(-5).
2, 3
Suppose 5*s - 20 - 25 = 5*g, 4*s + 5*g = 81. What are the prime factors of s?
2, 7
Let o = 15 - 11. Suppose 3*i + 5 = -2*h, 2*h + i + 1 + 14 = 0. List the prime factors of -1*h/o*2.
5
Let n(z) = -2*z**3 - z**2 + 2*z - 1. Let f be 2/3 - (-2)/6. Let h be n(f). What are the prime factors of (11 - h) + (3 - 5)?
11
Let a = 0 + -4. What are the prime factors of a/6 + (-24)/(-9)?
2
Suppose -m - 5 = 0, 3*w - 5 = 2*m - 157. List the prime factors of (w/(-15))/((-4)/(-10)).
3
Suppose 5*q + 7 = 27. Suppose 0 = -5*i - x - 52 + 236, 5*x = 5*i - 160. Suppose -2*o - q*b = o - 22, 4*o = -2*b + i. What are the prime factors of o?
2, 5
Let u = -6 - 9. Let o = -9 - u. List the prime factors of o.
2, 3
Suppose 3*d = i + 262, 0 = -3*d + 3*i 